hat is the thousands digit of 7630?
7
What is the thousands digit of 4728?
4
What is the hundreds digit of 1345?
3
What is the ten thousands digit of 55306?
5
What is the hundreds digit of 7902?
9
What is the tens digit of 6507?
0
What is the ten thousands digit of 12286?
1
What is the ten thousands digit of 10157?
1
What is the units digit of 1366?
6
What is the thousands digit of 16116?
6
What is the thousands digit of 21563?
1
What is the units digit of 416?
6
What is the thousands digit of 15153?
5
What is the hundreds digit of 165197?
1
What is the tens digit of 3742?
4
What is the thousands digit of 1338?
1
What is the hundreds digit of 2849?
8
What is the thousands digit of 91193?
1
What is the units digit of 38726?
6
What is the ten thousands digit of 18450?
1
What is the hundreds digit of 1168?
1
What is the tens digit of 640?
4
What is the units digit of 20?
0
What is the hundreds digit of 4359?
3
What is the tens digit of 1080?
8
What is the units digit of 2990?
0
What is the units digit of 112?
2
What is the thousands digit of 14836?
4
What is the hundreds digit of 648?
6
What is the units digit of 43689?
9
What is the thousands digit of 49267?
9
What is the hundreds digit of 970?
9
What is the units digit of 895?
5
What is the thousands digit of 67419?
7
What is the tens digit of 90524?
2
What is the thousands digit of 3867?
3
What is the tens digit of 29?
2
What is the hundreds digit of 1491?
4
What is the thousands digit of 29179?
9
What is the hundreds digit of 7426?
4
What is the hundreds digit of 38904?
9
What is the tens digit of 6567?
6
What is the hundreds digit of 2127?
1
What is the ten thousands digit of 16994?
1
What is the hundreds digit of 19490?
4
What is the thousands digit of 3847?
3
What is the tens digit of 556?
5
What is the units digit of 10252?
2
What is the units digit of 1296?
6
What is the tens digit of 5294?
9
What is the hundreds digit of 36503?
5
What is the units digit of 3527?
7
What is the ten thousands digit of 25556?
2
What is the tens digit of 4825?
2
What is the thousands digit of 53187?
3
What is the tens digit of 82546?
4
What is the ten thousands digit of 11188?
1
What is the tens digit of 120?
2
What is the thousands digit of 35899?
5
What is the tens digit of 19754?
5
What is the units digit of 1590?
0
What is the hundreds digit of 7432?
4
What is the thousands digit of 7695?
7
What is the hundreds digit of 1078?
0
What is the hundreds digit of 1572?
5
What is the tens digit of 3920?
2
What is the units digit of 11867?
7
What is the units digit of 11340?
0
What is the hundreds digit of 1797?
7
What is the units digit of 497?
7
What is the tens digit of 18025?
2
What is the thousands digit of 16766?
6
What is the hundreds digit of 19922?
9
What is the units digit of 2396?
6
What is the units digit of 605?
5
What is the thousands digit of 30784?
0
What is the thousands digit of 5534?
5
What is the units digit of 176992?
2
What is the hundreds digit of 3188?
1
What is the thousands digit of 7351?
7
What is the tens digit of 960?
6
What is the ten thousands digit of 12245?
1
What is the ten thousands digit of 29657?
2
What is the units digit of 14013?
3
What is the hundreds digit of 320?
3
What is the tens digit of 40905?
0
What is the tens digit of 17?
1
What is the thousands digit of 5362?
5
What is the ten thousands digit of 14124?
1
What is the tens digit of 405?
0
What is the hundreds digit of 131?
1
What is the units digit of 363?
3
What is the units digit of 747?
7
What is the hundreds digit of 7135?
1
What is the thousands digit of 6449?
6
What is the tens digit of 1370?
7
What is the hundreds digit of 3230?
2
What is the units digit of 5?
5
What is the tens digit of 5656?
5
What is the ten thousands digit of 15800?
1
What is the units digit of 18?
8
What is the units digit of 8979?
9
What is the thousands digit of 3991?
3
What is the thousands digit of 1666?
1
What is the hundreds digit of 599?
5
What is the tens digit of 401?
0
What is the tens digit of 90276?
7
What is the tens digit of 5779?
7
What is the thousands digit of 14510?
4
What is the thousands digit of 1194?
1
What is the tens digit of 84408?
0
What is the units digit of 17951?
1
What is the thousands digit of 1366?
1
What is the thousands digit of 29059?
9
What is the hundred thousands digit of 101546?
1
What is the units digit of 17220?
0
What is the units digit of 18335?
5
What is the units digit of 9399?
9
What is the tens digit of 575?
7
What is the tens digit of 761?
6
What is the units digit of 2006?
6
What is the thousands digit of 1258?
1
What is the thousands digit of 1314?
1
What is the tens digit of 9748?
4
What is the hundreds digit of 1506?
5
What is the ten thousands digit of 24486?
2
What is the ten thousands digit of 62027?
6
What is the tens digit of 797?
9
What is the units digit of 621?
1
What is the thousands digit of 2170?
2
What is the thousands digit of 22699?
2
What is the hundreds digit of 1208?
2
What is the tens digit of 53979?
7
What is the hundreds digit of 4452?
4
What is the thousands digit of 6538?
6
What is the hundreds digit of 30842?
8
What is the hundred thousands digit of 161339?
1
What is the hundreds digit of 33116?
1
What is the thousands digit of 3090?
3
What is the units digit of 2043?
3
What is the units digit of 21157?
7
What is the thousands digit of 14310?
4
What is the hundreds digit of 2523?
5
What is the thousands digit of 1784?
1
What is the units digit of 159?
9
What is the tens digit of 743?
4
What is the thousands digit of 40392?
0
What is the units digit of 10496?
6
What is the hundreds digit of 168480?
4
What is the units digit of 2881?
1
What is the thousands digit of 32910?
2
What is the units digit of 34918?
8
What is the hundreds digit of 27335?
3
What is the units digit of 2994?
4
What is the units digit of 821?
1
What is the ten thousands digit of 165227?
6
What is the hundreds digit of 2190?
1
What is the units digit of 4417?
7
What is the tens digit of 71683?
8
What is the units digit of 482?
2
What is the hundred thousands digit of 131332?
1
What is the units digit of 131?
1
What is the tens digit of 6773?
7
What is the ten thousands digit of 76973?
7
What is the units digit of 1965?
5
What is the ten thousands digit of 47453?
4
What is the units digit of 294?
4
What is the units digit of 2391?
1
What is the tens digit of 796?
9
What is the hundreds digit of 6250?
2
What is the units digit of 82567?
7
What is the units digit of 147483?
3
What is the units digit of 27659?
9
What is the thousands digit of 8515?
8
What is the tens digit of 41580?
8
What is the hundreds digit of 5347?
3
What is the tens digit of 36239?
3
What is the thousands digit of 81929?
1
What is the units digit of 95?
5
What is the hundreds digit of 18672?
6
What is the units digit of 18860?
0
What is the tens digit of 59458?
5
What is the units digit of 7471?
1
What is the thousands digit of 48076?
8
What is the tens digit of 715?
1
What is the units digit of 5142?
2
What is the tens digit of 6124?
2
What is the thousands digit of 1114?
1
What is the units digit of 70?
0
What is the hundreds digit of 4770?
7
What is the units digit of 1075?
5
What is the units digit of 10684?
4
What is the hundreds digit of 128?
1
What is the thousands digit of 32622?
2
What is the tens digit of 1614?
1
What is the tens digit of 146690?
9
What is the units digit of 40?
0
What is the tens digit of 1940?
4
What is the units digit of 15151?
1
What is the hundreds digit of 604?
6
What is the units digit of 1342?
2
What is the units digit of 802?
2
What is the hundreds digit of 188828?
8
What is the ten thousands digit of 22129?
2
What is the hundreds digit of 306?
3
What is the ten thousands digit of 10161?
1
What is the hundreds digit of 278?
2
What is the tens digit of 10959?
5
What is the tens digit of 7413?
1
What is the thousands digit of 5481?
5
What is the thousands digit of 13990?
3
What is the hundreds digit of 1201?
2
What is the thousands digit of 59325?
9
What is the thousands digit of 22388?
2
What is the units digit of 909?
9
What is the tens digit of 64256?
5
What is the tens digit of 1913?
1
What is the tens digit of 20534?
3
What is the tens digit of 25154?
5
What is the tens digit of 350